Suppose 0 = -3*s + 5*y + 7 - 26, 3*y - 5 = 5*s. Let l(h) = 12*h**3 - 3*h**2 + 5*h - 6. Let t be l(s). Suppose t + 674 = 6*d. List the prime factors of d.
127
Let x(w) be the third derivative of -179*w**6/24 + w**5/12 + w**4/4 + w**3/6 - 86*w**2 + 2*w. List the prime factors of x(-1).
5, 179
Let p = 73 - 69. Suppose 0 = -4*i - p*q + 1396, -4*i + 0*i + 4*q + 1404 = 0. List the prime factors of i.
2, 5, 7
Let a be 668355/(-102)*8*(-2)/10. Suppose 5180 = 16*d - a. List the prime factors of d.
11, 89
Let w = -67 + 73. Let z = 9 - w. Suppose 4*r = -4*k + 124, 4*k - z*r - 124 = -r. What are the prime factors of k?
31
Let q = -4292 - -10468. What are the prime factors of q?
2, 193
Let x = -23 - -7. Let u be (1 + x/(-12))*-12. Let o = 38 + u. What are the prime factors of o?
2, 5
Suppose 0 = -4*u - 24, 5*h - 3523 - 6771 = -u. List the prime factors of h.
2, 5, 103
Let t = -2943 + 5575. Suppose 0 = 4*k - 4*f - t, k - 22*f = -20*f + 654. List the prime factors of k.
2, 331
Let b(s) = 4*s**3 + s**2 + 2*s - 3. Let u be -3*(-10)/6 - (-1 + 4). Let f be b(u). Suppose -f*n + 41*n = 1024. What are the prime factors of n?
2
Let b = -419 + 5064. List the prime factors of b.
5, 929
Suppose -o + 2*p = -4860, -o - 3*p = -2623 - 2252. List the prime factors of o.
2, 3, 811
Let t(c) = -11 - 23 + 13*c + c**2 - 10*c + 8. List the prime factors of t(-24).
2, 239
Let p = 27 + -22. Let i(j) = 2*j**2 - 10*j + 7. Let a be i(p). Suppose -a*u + 196 = 21. What are the prime factors of u?
5
Suppose 6409 = 8*q + 1185. Suppose 2*t + o - q = 0, -o + 1312 = 4*t - 5*o. List the prime factors of t.
3, 109
Let g = -11 + 13. Suppose a = -2*x - 9, -3*x + g*a - 2 + 6 = 0. Let q(d) = -69*d + 12. List the prime factors of q(x).
2, 3, 5
Suppose 104558 = 324*j - 6590254. What are the prime factors of j?
20663
Let x(s) = 11*s**3 - s**2 - 3*s + 1. Let l(a) = -a**2 - a - 1. Let i(n) = 4*l(n) - x(n). List the prime factors of i(-3).
2, 67
Let v(x) = x**2 - 17*x + 9. Let q be v(8). Let s be ((-2)/3)/(21/q). Suppose -s*c - c + 244 = j, -901 = -4*j + 3*c. What are the prime factors of j?
229
Let p = -2043 - -1400. Let o = 4 - p. What are the prime factors of o?
647
Let k = -419 - -143. Let h = k + 191. Let q = h + 168. What are the prime factors of q?
83
Let n = -17 + 114. Let z be n + (0 + 1)*(-6)/(-6). What are the prime factors of (z/10 + 1)/(1/10)?
2, 3
Suppose -2*d + 3*j + 231 = 0, 0 = 2*d + d - 2*j - 344. Let f = 229 + d. What are the prime factors of f?
7
Let b(a) = 228*a**2 - 65*a - 540. List the prime factors of b(-8).
2, 3643
Suppose 5*m + 2081 = 2*c + 677, 2*c - 1440 = -4*m. What are the prime factors of c?
2, 89
Let h = 4544 + -3075. Let o = -488 + h. List the prime factors of o.
3, 109
Suppose -3*h = 4*p - 4, 0 = -2*p - 4*h - 0 - 8. Suppose -p*x + 320 = b, -2*b + 221 + 484 = -5*x. What are the prime factors of b?
2, 5, 17
Suppose -r + 5*r - 30104 = -2*m, 2*m + 7531 = r. Suppose -138*t - r = -151*t. List the prime factors of t.
3, 193
Suppose 0 = -7*m - 82 + 271. Let f = 193 + m. List the prime factors of f.
2, 5, 11
Let i(x) = -x**3 - 5*x**2 + 6*x - 3. Suppose -3*g - 2 = -4*b, -5*b = 3*g + g + 44. Let w be i(g). What are the prime factors of 2*((-55)/(-2) + w)?
7
Let f(c) = 227*c**2 - 16*c - 194. What are the prime factors of f(8)?
2, 7103
Suppose -1 + 19 = -d. Let o be (-914)/(-18) + (-4)/d. Suppose -4*t = -o - 125. What are the prime factors of t?
2, 11
Let j = -70155 + 100616. What are the prime factors of j?
83, 367
Suppose -4*h - 54195 = -3*w, -4*w + 34455 = 7*h - 37768. What are the prime factors of w?
18061
Let g be (-104)/10 + (-22)/(-55) - -4. Let c be g*(-1 + 8/12)/1. Let k(v) = 69*v. List the prime factors of k(c).
2, 3, 23
Suppose 4*d = a + 361, 5*d - 263 - 157 = -5*a. Let v = d + -95. What are the prime factors of 78/18*v/4*-2?
13
Suppose 0 = -n + 2 - 0. Suppose 3*l + x - 132 - 126 = 0, -l + 93 = -n*x. What are the prime factors of l?
3, 29
What are the prime factors of -8 - (7 + (-4 - (1 - -8723)))?
8713
Let r be 3 + 60 + -2 + -2. Suppose 2*u = -3*u. Let b = r - u. What are the prime factors of b?
59
Let t = 596 - 289. Suppose -2*f + t = -105. Suppose -3*n + f = -g + 2*g, 0 = g + 4. What are the prime factors of n?
2, 5, 7
Suppose -452*c - 63 = -451*c. What are the prime factors of (-6304)/(-14) + ((-36)/c)/(-2)?
2, 3, 5
Suppose 8 = -2*h, -3*h + 1331 + 29689 = 6*q. What are the prime factors of q?
2, 3, 431
Let f(g) be the first derivative of -91*g**2 - 52*g - 10. What are the prime factors of f(-8)?
2, 3, 13
Let o = 710 + -405. Suppose o = 14*s - 1193. List the prime factors of s.
107
Let c(w) = w**2 + w. Let d(h) = 7*h**2 + 30*h + 2. Let a(j) = 5*c(j) + d(j). List the prime factors of a(4).
2, 167
Let t be (-104664)/(-105) + (18/72)/((-5)/(-4)). Suppose -5*l = -4*r + 8*r - 280, -3*r = -3*l + 168. List the prime factors of t/7 + 32/l.
11, 13
Let h(x) = 17*x**2 + 627*x - 69. What are the prime factors of h(-50)?
7, 1583
Suppose -3*f + 2292 + 1500 = -3*y, 3*y + 6328 = 5*f. What are the prime factors of f?
2, 317
Suppose -36*j = j - 1554. Suppose -45*k + j*k = -2166. List the prime factors of k.
2, 19
Suppose -34*v + 263914 = -43752. List the prime factors of v.
9049
Let k(s) = -4*s + 92. Let w be k(24). What are the prime factors of -1 + (-4076)/w - (-5 + 3)?
2, 3, 5, 17
Suppose -l - 312 = 3*l - d, -2*l - 5*d = 156. Let j = 78 + l. Suppose 5*b - h - 905 = j, -2*h - 174 = -2*b + 188. What are the prime factors of b?
181
Suppose -25*a = -40*a + 138300. List the prime factors of a.
2, 5, 461
Let v = -19 - -28. Let n be (-101)/(-3) - (-3)/v. Suppose -5*s + n = -321. List the prime factors of s.
71
Let j = 110 + -106. Suppose -2*p + 788 = -j*r, -p - r - 1167 = -4*p. List the prime factors of p.
2, 97
Let p = -23 - -123. Suppose 92 = -3*o - p. Let d = -33 - o. What are the prime factors of d?
31
Let y(w) = 12*w**2 + 1. Let s be y(1). Suppose s = 4*p + 9. List the prime factors of 179 - 2 - (2 + p + 1).
173
Let f = 83 - 65. What are the prime factors of ((-6)/5)/(f/(-4440))?
2, 37
Suppose 566 = 5*z - s, -s + 4*s + 102 = z. Suppose -4*w = -678 + z. Let b = -91 + w. List the prime factors of b.
2, 5
Let d = 51934 + -21749. What are the prime factors of d?
5, 6037
Suppose -262*g + 16345 = -248*g - 106449. What are the prime factors of g?
7, 179
Suppose 4*t + 57804 = 5*t + 2*t. List the prime factors of t.
2, 4817
Suppose 1788833 = 68*y - 803531. What are the prime factors of y?
67, 569
Let i be ((-30)/2)/(-5) + -3. Suppose -x = -5*m + 2, 2*x - 3*m = -i*m - 4. Let t = x + 20. List the prime factors of t.
2, 3
Suppose -450 = -2*q - 23*q. Suppose -5*l = 0, 2*m = -4*l - q + 1092. What are the prime factors of m?
3, 179
Suppose -301812 = -57*v + 1009744 - 169903. List the prime factors of v.
20029
Let b = -339 + 336. Let s(g) = -285*g + 41. What are the prime factors of s(b)?
2, 7
Suppose -2*s = -2*m + 2108, 20 - 2156 = -2*m - 5*s. What are the prime factors of m?
2, 23
Let i = -90 + 48. Let j = -38 - i. Suppose -j*o = h - 311, 3*o = -7*h + 3*h + 217. List the prime factors of o.
79
List the prime factors of (-924)/(-84) + (-1 - -7573).
7583
Suppose 117*j - 339952 = 5219771. List the prime factors of j.
19, 41, 61
Let g = -56 + 312. Suppose 3*a - 32 = g. What are the prime factors of a?
2, 3
What are the prime factors of 5 + 12 + (-46055)/(-25) + 1/(-5)?
11, 13
Let t(p) = -736*p + 18. Let x be t(1). Let c = -286 - x. What are the prime factors of c?
2, 3
Let y = 1503 - 683. Suppose -2*f - 178 = -i, -5*i + 55 + y = -5*f. What are the prime factors of i?
2, 43
Let w be 7/((-28)/8) - 874. Let b = 1269 + w. List the prime factors of b.
3, 131
Suppose 17*i - 62 = 19*i. Let d = -52 - i. What are the prime factors of (2/(-3))/((d/(-981))/(-7))?
2, 109
Let m(x) = 16*x**2 - 45*x**2 + 22 + 19*x**2 + 16*x**2 - 2*x. Let u(h) = h**2 - 1. Let w(k) = m(k) - 5*u(k). List the prime factors of w(0).
3
Suppose 0 = -5*p + 39 - 69. Let z(j) = 37*j**2 - 4*j + 26. List the prime factors of z(p).
2, 691
Let k be 1425/(-125) - (18/10)/3. What are the prime factors of (280/(-32) + -2)*k?
3, 43
Let m = -56 + 75. Suppose -f + m*f = 3564. What are the prime factors of f?
2, 3, 11
Let w be ((-5817)/(-28))/((18/(-32))/(-3)). Suppose -11*g = -15*g - w. Let v = 435 + g. What are the prime factors of v?
2, 79
Let m =